is the highest common divisor of i and h?
15
Suppose -4*v = 2*t - 72, 5*t - 5*v = -v + 236. Suppose -11*k + 60 = -6. Suppose 4*a - k = 10. What is the highest common factor of a and t?
4
Let q be (71 + -7)*(-3)/2. Let a = -85 - q. Suppose 0 = a*p - 4*p - 28. What is the highest common divisor of 16 and p?
4
Let t = 48 - 0. Let a = 489 + -381. Let z = 140 - a. What is the greatest common divisor of z and t?
16
Let k be 3/2 - (-22169)/14. What is the greatest common factor of 5 and k?
5
Let c(z) = -48*z**3 - 3*z**2 - 42*z - 121. Let p be c(-3). What is the greatest common factor of 28 and p?
14
Let o(s) = -53*s - 2698. Let h be o(-98). What is the greatest common factor of h and 351?
39
Let o = 481 - 470. Suppose -20*y + o*y + 279 = 0. What is the highest common divisor of y and 279?
31
Suppose -8*i - 8*i = 2944. Let h be i/69*-2*3. Suppose h*o - 571 = 261. Calculate the highest common factor of o and 78.
26
Suppose 31*a - 493 - 344 = 0. What is the greatest common factor of 6 and a?
3
Let f be 2/(-4) + 792/48. Suppose -f*y + 2211 = 371. Let m = 108 - 62. Calculate the highest common factor of m and y.
23
Suppose -3*v = -7 + 7. Suppose 5*g - 3*g - 5 = 5*c, v = 4*g - 5*c - 35. What is the highest common divisor of 60 and g?
15
Let d be (-3 + 0)*(2 + -1 + -79). Calculate the greatest common factor of 1573 and d.
13
Let d be 0 + 8 + (-30)/6. Let m = d - 1. Suppose 0 = -m*f + 413 - 61. Calculate the greatest common divisor of f and 16.
16
Let c = 1 + 1. Let m be ((-4)/14)/((-8 - 1)/126). Let g(q) = q**2 + 6*q - 38. Let d be g(m). What is the highest common divisor of c and d?
2
Let c(r) = -2*r - 1. Let d be c(-4). Calculate the highest common divisor of 4963 and d.
7
Let p = -6516 - -6525. What is the greatest common divisor of p and 672?
3
Suppose -57 = z - 162. Let w = -3034 - -3037. What is the greatest common divisor of z and w?
3
Let g(o) = o**2 + 4*o + 19. Let n(y) = -7*y**3 - 4*y**2 + 2*y + 2. Let h be n(1). Let b be g(h). Calculate the highest common divisor of 190 and b.
10
Let y be -2*(2 - 5/2). Let q be -1 - (242/2 + -2 + 3). Let i be -1 - (q/12 - 1/(-4)). Calculate the greatest common divisor of y and i.
1
Suppose 5*t = -394 + 669. Suppose 4*y + 9 = r - 0, -3*y = 4*r + 21. Let j = t + y. What is the greatest common factor of j and 78?
26
Let u be (-1)/((-39)/(-9) + -4). Let t be (u*(-220)/(-105))/(4/(-14)). What is the highest common factor of t and 154?
22
Suppose -5*s - 62 + 78 = -a, -4*a = 4. Calculate the greatest common factor of s and 1761.
3
Suppose 0 = 2840*n - 2812*n - 77700. Calculate the highest common factor of n and 75.
75
Let y be (-1*5 - (-160)/32)/(-3). Let g(l) = -15*l + 245. Let b be g(y). What is the highest common factor of b and 70?
35
Let i(h) = -5*h**2 + 2*h - 2. Suppose 0*b + 6 = 3*b. Let g be i(b). Let u = 50 + g. Calculate the greatest common divisor of 320 and u.
32
Suppose 12*k = 6*k + 2070. Let c be k/(-23)*(-8)/6. What is the highest common factor of 80 and c?
20
Suppose 34*t - 390518 + 95058 = 0. Calculate the highest common divisor of t and 110.
110
Let z be ((-2108)/155)/(2/(-320)). What is the greatest common factor of 96 and z?
32
Let z(k) be the first derivative of k**3/3 - 33*k**2/2 + 144*k + 429. Let v be z(29). Let x be 3/(1 - 25/28). Calculate the highest common factor of v and x.
28
Let o be 2 + -8 + 216 + 6. Suppose 0 = -4*z + 3*p + 319, -p + 197 = 5*z - o. Calculate the highest common factor of z and 2.
2
Let y = -2591 - -3242. Calculate the highest common factor of 42 and y.
21
Suppose 156 = -120710*z + 120723*z. What is the highest common factor of z and 5694?
6
Suppose 170 - 182 = 3*i. Let w be 13 - -1*-5*(i - -5). Calculate the highest common factor of 196 and w.
4
Suppose -v + 0 + 2 = 0. Let r(u) = -25*u**2 + 274*u + 17. Let l be r(11). What is the greatest common divisor of l and v?
2
Let x = 96 + -96. Suppose -4*w = -x*w. Let f(p) = p + 4. Let g be f(w). What is the greatest common divisor of 32 and g?
4
Let x be (12 - -543)/15 + 1/1. Suppose 3*k + 2*w = -14, 6*k - 4*w = 4*k + 12. Let z be k/(-1) - (-1 + -377). What is the highest common divisor of z and x?
38
Let y(k) = 10*k**2 + 3*k + 4. Let d be y(-2). Suppose d*g = 34*g - 100. Let o = g + 28. What is the highest common factor of 5 and o?
1
Suppose -4*c = -5*y + 3187, c - 938 = 4*y - 3492. What is the highest common factor of y and 9?
9
Suppose -4706*d = -4699*d - 26215. Calculate the highest common factor of 7 and d.
7
Suppose 0 = 3*q - 15, -2*q = -w - 36. Let i = 71 + w. Let y(h) = 20290*h - 101420. Let n be y(5). Calculate the greatest common divisor of i and n.
15
Let m = 23 + -15. Let t = m + -19. Let q be 99 + t/3 + (-4)/(-6). What is the highest common factor of q and 12?
12
Suppose -1546 = -26*r - 402. Suppose 2*g - 2*d = -6, -d - 4*d - 34 = 2*g. Let t = 26 - g. What is the highest common factor of r and t?
11
Suppose 196 = 59*n + 10*n - 287. Calculate the greatest common factor of 34139 and n.
7
Suppose -352 = -a + 104. Suppose a = 6*b + 13*b. Let i = -157 - -325. What is the greatest common factor of i and b?
24
Suppose -64*w = -54*w - 15600. Suppose 7*c + w = 46*c. What is the greatest common divisor of c and 15?
5
Let n(k) = -k**3 - 5*k**2 - 35*k - 26. Let x be n(-4). Calculate the greatest common factor of 10682 and x.
98
Let n(c) = c**3 + 8*c**2 + 17*c + 24. Let h be n(-6). Let q(w) = w**2 - 7*w - 66. Let f be q(h). What is the greatest common factor of 102 and f?
6
Let g be (286/6 + 1)/(12/(-18)). Let h = 31 - g. Calculate the highest common divisor of 13 and h.
13
Let f = -356 + 358. Suppose 2*m - 2*z - 16 = 0, -3*z = -f*m - 2*z + 14. Let j(t) = -25*t + 3. Let v be j(-3). What is the greatest common divisor of v and m?
6
Suppose -8*i - 262 - 154 = -40*i. What is the greatest common factor of 4212 and i?
13
Let w(f) = f**3 + 17*f**2 + 39*f + 111. Let q be w(-7). Calculate the greatest common factor of 128 and q.
8
Suppose -92*z + 7 = -97 + 12. What is the highest common factor of 271 and z?
1
Suppose 11*v = 2537 + 257. Suppose -j = 2, 4*i = 2*j + v - 66. Calculate the highest common factor of 368 and i.
46
Let d(z) be the third derivative of 0*z + 0 + 1/3*z**4 - 16/3*z**3 - 18*z**2. Let o be d(14). What is the highest common divisor of o and 16?
16
Let j(b) = -35*b + 6593. Let v be j(56). What is the highest common divisor of v and 339?
113
Suppose -c + 3*g + 23 = 0, -1 = -2*g - 5. Suppose 390 = -2*w + c*w. What is the greatest common factor of w and 338?
26
Suppose -459*s + 409*s + 177800 = 0. Calculate the greatest common divisor of 56 and s.
28
Suppose 3 = -g - 0. Let h be (3 - g)*2/(-4)*-2. Suppose -3*c = 3*z - 6, -4*c = -5*c - 3*z - 6. What is the highest common factor of h and c?
6
Let o(c) = 32*c - 101. Let t be o(-14). Let s = t - -568. Calculate the greatest common divisor of 589 and s.
19
Let u(m) = -26*m**3 + 27*m**3 + 14*m - 5*m**2 + 3 - m - 3*m**2. Let a be u(6). Suppose -a*o - 20 = -10*o. What is the greatest common factor of o and 70?
10
Let s = 1320 + -470. Calculate the highest common divisor of 20 and s.
10
Let u(d) = -2*d**3 - 28*d**2 - 6*d. Suppose -34*v = -67*v - 462. Let k be u(v). What is the highest common divisor of k and 105?
21
Suppose 0 = -3*b - 4*p + 8491 + 15518, 0 = -5*b - 4*p + 40015. What is the greatest common factor of 151 and b?
151
Let y be (7 + (-25362)/(-54))*(-6)/(-4). Calculate the greatest common factor of 495 and y.
55
Suppose -10*j = 18*j + 24*j - 56004. What is the highest common divisor of j and 3?
3
Suppose 3*q + 475 = 8*q + 5*h, 3*q - 4*h - 313 = 0. Suppose -c + 5*n + 62 - 5 = 0, 0 = 2*c - 5*n - q. What is the highest common factor of c and 84?
42
Suppose 4*h + 12 = 7*h. Suppose 15 = h*m + 3. Let u be (m/5 - (-22)/55) + 41. What is the greatest common divisor of 7 and u?
7
Let b be (2 + (-2)/6)*(10 - 1). Let w(u) = u**2 - 7*u - 12. Let t be w(-5). Suppose -7*v + b = -t. Calculate the highest common factor of v and 36.
9
Let c = -18 - -91. Suppose k - a - c = 0, 0 = -3*k + 5*k - 5*a - 149. Let q = -333 + 341. What is the highest common factor of q and k?
8
Let q be (1146/(-764))/(714/716 - 1). Calculate the highest common factor of 7339 and q.
179
Let c be (348/(-9))/((-28)/(-21) + -2). Suppose -c - 257 = -7*o. Calculate the greatest common factor of 30 and o.
15
Suppos